72 - 2759) + -2 + (-2 - -2).
11
Evaluate -26 + -1 - (-370 + 316).
27
What is the value of (-36 + 15 - -28 - (9 - -2)) + 46 + -6?
36
What is -1 + -1 + -10 + 0 + 61 + 43 + -94?
-2
Evaluate (25 - 85 - -4) + 3.
-53
Evaluate 48 - ((-52 - -6) + 64).
30
What is -31 + (-19 - (-11 + -34 + 19))?
-24
What is the value of -13 - (5 + (-5 - 48))?
35
Calculate (-13 + 9 - (14 - 2)) + -4 + -5.
-25
What is 70 - 20 - (-58 - -103)?
5
What is the value of (135 - (-8 + 43)) + -183?
-83
Evaluate 63 - (5 - 12) - (279 - 243).
34
What is the value of 147 + -95 + -61 + -63?
-72
What is the value of (-12 - -27) + 20 - -15?
50
Calculate -29 - 7 - (6 + 4 + -21).
-25
17 - (-2 + 31 + -23)
11
12 - (-80 + -3 - (-14 + -3 - -4))
82
Calculate -14 + (-5 - -20 - 9) + 12 - 6.
-2
What is 11 + 8 + -18 + -10 - (-2 - -5 - -27)?
-39
What is the value of 17 + -34 + -9 - -19 - -23?
16
What is 2 + -1 + (-358 - -394)?
37
Evaluate -9 + (1 + 19 - (-16 + -7 + 34)) + -60.
-60
What is 16 - -1 - (-1788 - -1763)?
42
Calculate 2 + 11 + (-566 - -528).
-25
Evaluate 99 - (156 + -244 + 98).
89
What is -47 + (4 + -50 - -11 - -19)?
-63
Evaluate (-65 - -203) + -149 + -86.
-97
Evaluate 90 - 1 - (-1845 + 1886).
48
What is the value of 29 + -147 - -54 - (-4 + 0)?
-60
What is the value of (-111 - -76) + 0 + -2 - (1 + -17)?
-21
Evaluate -7 - -1 - (-148 + 162 + -4 + -54).
38
What is the value of -2 + 6 + -48 - (-214 - -216)?
-46
Calculate -6 + (6 - 5) + 5 - ((-14 - -28) + 75).
-89
-7 - (19 - (23 - 13)) - ((113 - 5) + 19)
-143
(-4 - -1 - (-2 + 7)) + (151 - 21) + 3
125
Calculate 8 + (6 - 16) + 1 + 59 + (-2437 - -2441).
62
(-2 - (12 + -27)) + -78 + 77
12
What is (1 - -53) + -20 + (16 - -14) + 8?
72
Calculate (-20 - 10) + 4 + 14.
-12
What is -24 + 21 - -26 - -27?
50
What is the value of (3 - (0 - (5 + (3 - 16)) - 26)) + 4?
25
Evaluate (-4 - -39) + -65 + -3 + (12 - (2 - 0)).
-23
What is the value of (2 - -42) + (-31 + 11 - (-71 - -52))?
43
What is the value of (9 - -53 - (4 - -12)) + (0 - -12)?
58
Calculate (-460 - -354) + (-12 - -3) + 9 + -8 + 2.
-112
Calculate -83 - (-22 - (-41 + 34)).
-68
What is (-2 + 6 + -1 - 14) + (-184 - -184) - -7?
-4
What is 70 + (-57 - (20 + -38))?
31
Evaluate 2 + 19 - 8 - 27 - -12.
-2
Evaluate 81 + -5 + 17 + (33 - 11 - 36).
79
Evaluate (-46 - (24 + (13 - 70)) - (-9 - -1)) + 96.
91
What is the value of 31 + (-16 - -15 - 9 - 33)?
-12
What is the value of -78 - (40 + (32 + -4 - 54))?
-92
Evaluate (-3 - -2 - 32) + -845 + 868.
-10
What is the value of (11 - 34) + (7 - 33) - -105?
56
Calculate (0 - -5 - (-7 + 9) - -14) + -40 + 49.
26
Evaluate 96 - (-32 + (1 - -121)).
6
1 - (-2 - -2 - -58) - (-11 + -28 - -39)
-57
Evaluate 100 + -354 - -343 - (-1 + -34).
124
-7 + 4 + 4 - (-23 + -11 - -1)
34
Calculate -26 + (59 + -54 - (-1 - -9)) - (-2 + 10).
-37
What is the value of 26 - (3 - 24 - (-105 + 96))?
38
-138 - (-3 + (22 - 34 - (1 + (0 - 6))))
-128
What is -139 - -126 - (-13 + 8 - 4)?
-4
(-7 - 29) + 32 + 32
28
Evaluate (43 - (47 + -6)) + 7.
9
-189 + 116 - -58 - (-1 + 0 - 12)
-2
What is the value of -5 + 5 - 25 - (-33 + 102 - 5)?
-89
Calculate 5 + -13 + 64 - 109.
-53
(-8 + 30 - 35 - 16) + 50
21
Calculate 6 - 73 - -25 - (6 - 7 - 5).
-36
What is (-1 - -2 - -37) + (1013 - 1106)?
-55
What is the value of -1 + -27 - (-111 - -102)?
-19
What is the value of 156 + -128 - (24 - -106)?
-102
(63 - 0) + ((-6 - -13) + 2 - 11 - -4)
65
Evaluate -49 - (-101 + 13 + -6).
45
What is the value of (-7 - 0 - 94) + (728 - 714)?
-87
What is the value of -203 + 160 - (4 + -82)?
35
13 + (81 - (-5 + -6)) + 21 + -8
118
(13 - (10 - 4)) + 1 + 5 + -14 - -65
64
What is -7 + 10 + -6 + 5 - (-44 - -32)?
14
What is 2 - 24 - -15 - (98 + 3 + -5 + -3)?
-100
-8 + (-3 + -8 - (137 - 114))
-42
Evaluate -21 + (-22 + -1 - -42) - 5 - 44.
-51
What is the value of -36 + 1 - (360 - 382) - -32?
19
What is the value of (1 - (9 + 5)) + 721 + -716?
-8
What is the value of -109 - (-117 + -67) - (0 - -16)?
59
-14 + -2 + (-2 - (-11 - 5)) + 5
3
-147 + 141 + -83 + 16 + -1
-74
Calculate (21 - -41) + -85 - -10.
-13
3 - -12 - (109 + (15 - (12 + 2)) + 13)
-108
Evaluate -106 - (-78 - -13) - -108.
67
What is the value of (-57 - (-4 + -40)) + -9 + 2?
-20
What is 10 - (12 - (16 + -2) - (-13 - 2))?
-3
Evaluate 54 - (-5 + (21 - 8)) - 9.
37
1 + 7 + 10 + (-15 - -8) + 15
26
What is the value of 64 + (27 + (25 - 17) - 13)?
86
What is (29 - (2 - -29)) + (9 - 22)?
-15
What is -4 + (2 - 2) + 33 + 37 + -82 + 8?
-8
Evaluate 0 + -9 + 3 + -2 - (-7317 + 7276).
33
Calculate 233 + -242 - (-1 - 2 - -8) - 41.
-55
Evaluate (-20 - (-7 + 0)) + -8 - -59.
38
What is 23596 - 23605 - (11 + 1 + 0 + 0)?
-21
What is the value of 54 + 92 + -162 + 11 + (0 - -1)?
-4
(-81 - -35) + (-1 - (-5 + 6)) + -10 + 7
-51
What is 25 + -14 + (-25 - -7) + -1 + 8 - -49?
49
What is the value of 19 + -41 + 49 + -51 + 22?
-2
(5 - (2 - 6)) + (8 - (-49 - -73))
-7
-31 - (49 - 56 - 26)
2
What is 9 + (-11 - 66) - -56?
-12
Evaluate -2 + (-116 - -65) + -19.
-72
(8 - ((-25 - -44) + 25)) + (-7 + 0 - -2)
-41
Evaluate -55 + (-17 - (26 + -24)) + 33.
-41
(2 + -9 - (-24 - -6) - (-4 - 51)) + -10
56
Calculate (112 - -132) + -264 - (-10 - 0).
-10
What is the value of 73 - 7 - 7 - (-771 - -777)?
53
Calculate 5 - ((-12 - -14 - 0) + -4) - 22.
-15
What is the value of (-17 + 53 - 25) + 20?
31
Evaluate 26 + -95 + 245 + -68.
108
Evaluate 5793 + -5941 - (-1 - 166).
19
What is (-29 - -40) + 20 - 41?
-10
What is the value of (92 - 2) + (-205 - (-236 - -61))?
60
Evaluate (16 - 19 - 5) + -4 + (-1 - -42).
29
What is -1 + 2 - (50 + 6 + -23)?
-32
Calculate (-32 - (-5 - 14) - (-6 + -20)) + 15.
28
-5 + 6 + 278 + -227
52
Calculate 66 + (42 - (88 - 34)).
54
What is 21 - (-24 - (-42 - (-20 + 12)))?
11
-60 + (109 - 83 - -31)
-3
Evaluate -10 - (33 + (3 + 1 - (5 + -15 + 6))).
-51
What is the value of 7 + (-5 - (6 - 4)) + (69 - 7) + -24?
38
Evaluate -6 + -10 + (-38 + 73 - 16).
3
-32 + -18 - (3 - 25)
-28
What is the value of 15 + -4 + 6 + (1 - (46 + -4 + -4))?
-20
Evaluate (216 - 108) + -269 - -119.
-42
Calculate -22 + (131 - (4 - -69)).
36
What is 15 + (0 - 17) + -27?
-29
What is the value of (-24 - -1) + 20 + -27 + -11 + 18?
-23
Calculate -84 + 13 + (-273 - -259).
-85
Calculate (16 - (6 - -4) - 10) + 77 - (0 - -7).
66
What is (-6 - -48) + -10 - 24?
8
What is 85 + (5 + 11 + 1 - 7) + 47 + -44?
98
-148 + 97 + (-5 - -4 - -26)
-26
What is 34 + (-10 - (-17 + (29 - 27)))?
39
Calculate 34 - 1 - (-8 + 17 + 33 + -31).
22
-41 + -6 - (80 + -142)
15
Evaluate -1 - (-11 + -2) - (-49 - (-7 + -25)).
29
What is 40 + (-16 - (0 - (-1 - -1) - 3)) + 4?
31
What is the value of -29 + (18 - (38 - 11) - 4)?
-42
What is (53 - 32) + (-5 - 1) + 33 + -36?
12
Evaluate 2 - ((0 - 0) + (-20 - -18)) - 5 - 29.
-30
Calculate -19 - (-1050 + 1021 - (-5 + 1)).
6
What is the value of (-23 - 9 - (2 - 1)) + 5 + -31 + 12?
-47
What is 18 - -3 - (-4 + 18 + 0)?
7
Evaluate 16 + 61 + (7 - 132).
-48
-6 - -11 - 1 - (4 + (4 - (2 + -4)))
-6
15 + (-65 - ((-33 - -19) + 9 - -1))
-46
What is (-19 - -21) + (23 - -8) + -18?
15
What is the value of -62 - (-16 - (7 + (-35 - -11)))?
-63
Calculate (4 - 21) + -4 + (17 - 29).
-33
What is -30 + (-12 - (17 - 14))?
-45
Calculate ((36 - 29) + (-10 - -2) - (-14 + -1)) + -3.
11
What is (-37 - -19) + (2 + -10 - -7) - -151?
132
Evaluate -17 + (-8 + 48 - 16).
7
What is the value of -121 - -64 - (-37 + 23)?
-43
What is the value of -220 + 298 + (-94 - 37)?
-53
-76 - ((288 - 289) + (-3 - 3) + (0 - -4))
-73
What is the value of -14 + 20 + (1 - -20) - 5?
22
Calculate (-20 + (27 - 23) - -1) + 45.
30
What is the value of (10 + 1 - (12 + (7 + -21 - -13))) + 55?
55
What is -23 - (-24 - 4) - (1 - -7) - -38?
35
What is -9 + 75 + -6 + 2 + -3 - 7?
52
What is (-1 + 16 - -4) + 2 - (12 + 0)?
9
What is (40 - (34 - -17)) + 0 - (-7 - (1 + 0))?
-3
-4 + -20 - ((1 + -13 - -1) + 430 + -425)
-18
What is the value of -6001 + 5940 + -12 + 1?
-72
What is the value of (-220 - -198 - (26 - 1)) + 36?
-11
What is the value of (1 - -40 - 78) + (-4 - -1)?
-40
-52 - ((-18 - -33 - (14 + 5)) + -16)
-32
What is the value of (20 - 21) + 32 + (-9 - (3 + -4 + 2))?
21
What is the value of (14 - (13 + (4 - (-9 - -14)))) + -2?
0
Calculate 2 + 1 - (12 + -10 + -3 + -29).
33
What is the value of -45 + 80 + -47 - (-2 - -8)?
-18
What is 79 + -4 + (23 - (-16 + 59))?
55
What is -3 + -5 + -1 - (7 - (18 + -21 + 10))?
-9
23 +